6 + 179. Is (0 - 0)/1 - q prime?
False
Let l = -4488 + 6335. Is l a prime number?
True
Suppose 14 = 2*n - 2*m, -19 = -7*n + 2*n + m. Is (222/(n + -1))/1 prime?
False
Suppose 7*z - 8*z + 29 = 0. Let v = -11 + 4. Let c = v + z. Is c composite?
True
Let v = -20 + 22. Suppose -2*f = -v*j + 406, -2*f + 609 = 4*j - j. Is j a composite number?
True
Is -8222*(4/8)/(-1) prime?
True
Let g = 47 - -606. Is g a prime number?
True
Suppose 10*w - 12*w = -2486. Is w composite?
True
Suppose 4*h - 2834 = 2*x, 0*h - 3541 = -5*h + 4*x. Is h a composite number?
False
Suppose 6 + 86 = -2*t. Let k = t - -113. Is k prime?
True
Suppose 3*c - 2 = o - 0, 0 = 5*c + o - 6. Suppose -4*p + 9 = c, -4*p = 4*t + 776. Is (t/8)/((-2)/4) a composite number?
True
Let j = -285 + 772. Is j composite?
False
Let n = 12 - 10. Is -129*n*(-4)/8 prime?
False
Suppose -5*m + 850 = 2*f - 361, 3*m = -9. Is f prime?
True
Let k(p) = 11*p**2 + 16*p - 5. Let b(v) = 5*v**2 + 8*v - 2. Let h(r) = -9*b(r) + 4*k(r). Let x be h(-7). Is x/15 - (-16)/6 a composite number?
False
Suppose 0*v = 3*y - 5*v - 401, 5*v = y - 137. Suppose -3*f - f = -4*k - y, 2*k = -4*f + 156. Is f prime?
True
Let v = -76 + 117. Suppose -x = 4 - v. Is x a prime number?
True
Let g(a) = a**3 + 8*a**2 - 1. Let z be g(-6). Let o = -48 + z. Is o a composite number?
False
Suppose -2*g - 2*g = -4*w + 4, 0 = 3*w - 2*g - 2. Suppose 0 = n - w*n. Suppose n = -q + 190 + 115. Is q composite?
True
Let r = 792 - 397. Is r composite?
True
Suppose -w + 3*i = 2*i - 5, -i + 7 = w. Suppose -4*y = w - 26. Suppose -28 = -y*d + 3*d. Is d a composite number?
True
Let w(y) = -2*y**3 - 10*y**2 - 8*y - 35. Is w(-13) a composite number?
True
Suppose -5*y + 2*c = -1947, 5*y + 1129 - 3073 = -c. Let a = -231 + y. Is a a prime number?
False
Let j = -21 + 29. Suppose -2*m - z + 7 = 0, j = 3*m + 2*z - 1. Suppose -m*v = -554 + 69. Is v a prime number?
True
Suppose -t - 11216 = -5*h, 3*t + 2774 = h + 528. Is h a prime number?
True
Let h be ((-3)/(-6))/(1/(-8)). Let w be 12/(1/h - -1). Suppose 2*d = w + 2. Is d prime?
False
Let x = -373 - -522. Is x composite?
False
Suppose -536 = -3*z + z + 3*i, 2*z - 520 = -5*i. Is z a prime number?
False
Let w = -16 + 24. Is w/(-12)*690/(-4) a prime number?
False
Suppose -5*u + 11 = 31. Is (2/u)/(2/(-52)) a prime number?
True
Let l(j) = j**3 - 7*j**2 - 3*j - 2. Let b be l(6). Let n = b + 247. Is n prime?
True
Let f = -115 - -366. Is f a composite number?
False
Suppose 7*h - 2*h - 69 = -2*v, 2*v = 5*h + 39. Let x = -26 - -84. Let j = x - v. Is j composite?
False
Suppose 0*v - 25 = -5*v. Suppose -k - v*c = k + 7, -3*c = k + 3. Is (388/10)/(k/(-15)) a prime number?
True
Let z = 121 + 198. Is z a composite number?
True
Let o(r) = -r**3 - 3*r**2 + 2*r - 1. Let k be o(-4). Suppose -25 = 5*t, 3*b + t = b + k. Is b a prime number?
False
Let f = 42 + 214. Suppose 2*s - 678 - f = 0. Is s a prime number?
True
Is (1 + -2 - -3)/((-1)/(-229)) a composite number?
True
Let h = 4 + 7. Is (1 + -60)*h/(-11) a prime number?
True
Let f be 3*(-3)/((-9)/(-2)). Let c(k) = -3*k - 2. Let m be c(f). Suppose m*l + 0*b - 204 = 5*b, -80 = -2*l - 3*b. Is l a prime number?
False
Suppose 3*s + 4*y - 445 = 5460, -9834 = -5*s + y. Is s composite?
True
Let k(j) = 3*j**2 - 13*j - 45. Is k(-23) prime?
False
Suppose -530 = -t - 9*t. Is t a composite number?
False
Let g(m) = -m**2 + 7*m - 5. Let l be g(4). Let h(o) be the second derivative of o**4/12 + o**3/3 + 2*o**2 + 3*o. Is h(l) a composite number?
False
Let k(y) = 14*y**2 - 2*y + 1. Let i(o) = -29*o**2 + 4*o - 1. Let g(d) = -3*i(d) - 5*k(d). Is g(2) composite?
True
Let o(w) be the third derivative of 2*w**5/15 + w**4/8 - w**3/6 + w**2. Is o(2) prime?
True
Let m(o) = -2*o + 379. Is m(0) a composite number?
False
Let y = 44 - -283. Is y composite?
True
Suppose 2*z - j = z + 126, -2*j = z - 141. Is z a composite number?
False
Let y = 681 - 350. Is y prime?
True
Suppose -t - t - 12 = 0. Is 93 + t/(-3) - -2 composite?
False
Let d(b) = 2*b**3 - 7*b - 9. Suppose -4*u + 24 + 8 = 0. Is d(u) a composite number?
True
Let p = -329 - -568. Suppose y + 3*s = -0*y + 239, y - p = -s. Is y composite?
False
Suppose -15079 = -11*m + 15886. Is m a prime number?
False
Let m = -106 - -437. Is m a composite number?
False
Let w be (-64)/(-6)*(-6)/(-4). Suppose -w = -3*o - 1. Suppose -o*u + 5*m + 275 = 0, -4*u - 5*m = -u - 149. Is u composite?
False
Suppose -3*w - u = -4*u + 3, 5*w - 3*u = -7. Is 94 + w - (-1 + 0) composite?
True
Let b = -18 - -29. Is b a prime number?
True
Let n(c) = 11*c**2 + 4*c. Suppose 0 = u - 5*b - 18, 5*u + 0*u - 3*b = 24. Let h be -2*u*(-2)/4. Is n(h) composite?
True
Let n = 1 + -1. Suppose -4*a + 2*a + 536 = n. Suppose -6*t + t = -o - 335, -4*t + 3*o = -a. Is t prime?
True
Suppose -3*i = -5*t + 3*t - 10, -t = i. Suppose -i*j = -0*j - 254. Is j prime?
True
Suppose 0 = -3*k - 2*k + 275. Is k a composite number?
True
Is 4/(-10) + (-4311)/(-15) composite?
True
Suppose 104 = -4*h + 468. Suppose 8*y - 9*y = -h. Is y composite?
True
Let j(w) = -w - 4. Let t(r) = -r**2 - r - 2. Let a be t(2). Let b be j(a). Suppose 4*h + 2*z - 6*z - 392 = 0, b*h + 5*z - 383 = 0. Is h prime?
True
Let r(l) = l**3 - 11*l**2 - 28*l - 2. Is r(15) composite?
True
Suppose -3*v + 206 = 2*g, -3*g - 7*v + 3*v + 310 = 0. Is g a composite number?
True
Suppose 3 = -2*z + 7. Let s(a) = 2*a**2 - 3 - 3*a + 2*a**2 - 3*a**z. Is s(5) a composite number?
False
Let m(q) = q**3 - 4*q**2 + 5*q - 3. Let z be m(3). Let h(f) = 6*f + 9*f**3 + 7*f**2 - 9 - 7*f**3 - 3*f**z. Is h(7) a prime number?
False
Suppose -4*g + 15 = -17. Let r = 23 - g. Is r a prime number?
False
Suppose -2*n = n + 15, 0 = 3*j - 4*n - 764. Suppose 5*r + j = 4*v, 3*v + 0*v - 193 = 2*r. Is v a composite number?
False
Let b(s) = -6*s**3 + 5*s**2 + 11*s - 1. Is b(-6) a prime number?
True
Let s = 74 + -71. Suppose 4*k - 24 = -z, -2 = 4*z + 4*k - 50. Is -4 + s - (0 - z) a composite number?
False
Suppose -5*g + 12 = -4*x, 2*g - 5*x = 5*g + 15. Let l = 21 - g. Is l composite?
True
Suppose -5*l = -2*i + 1242, 0 = -4*i - 5*l + 6*l + 2520. Is i composite?
False
Suppose -k = -4*n + 1121 + 3253, 3*k + 3276 = 3*n. Is n a composite number?
True
Let t(p) be the third derivative of -p**4/4 - p**3/6 - 3*p**2. Is t(-6) prime?
False
Suppose 6*n + 1802 = 8*n - 5*p, 0 = -3*n - 3*p + 2703. Is n a prime number?
False
Is (-1118 + 1)*21/(-21) a prime number?
True
Suppose 39*u - 43*u + 356 = 0. Is u a prime number?
True
Let g(c) be the second derivative of -4*c**3 - 17*c**2/2 + 6*c. Is g(-9) composite?
False
Let j(k) = 2*k**3 - k**2 - 2*k - 4. Let s(h) = h**2 - 2*h - 5. Let w be s(4). Is j(w) prime?
False
Let h(m) be the first derivative of m**2 + 6*m - 3. Let a be h(-4). Is (5/(-3))/(a/102) prime?
False
Let d(s) = 3*s**2 + 5*s + 2. Let p be d(4). Suppose 0*o - p = o. Is (1/2)/((-1)/o) a composite number?
True
Let b(m) = -2*m**2 - 4*m - 3. Let q be b(13). Let h = 580 + q. Is h prime?
False
Let o = 19 - 41. Let w be (-111)/(-2)*1*2. Let s = o + w. Is s composite?
False
Let r = 47 + -16. Let g be (-2 - -2) + -1 + 4. Let u = g + r. Is u prime?
False
Let g(a) = a**2 + 3*a + 1. Let o be g(-3). Suppose -o = 3*q - 22. Is q a prime number?
True
Suppose -3*m - 2*m + 6205 = 0. Suppose m = 3*k + 2*h, 0*k + h = -k + 412. Is k prime?
False
Let r(u) = 5*u. Let q be r(1). Let j = 4 - q. Is 0 + 0 - (j - 18) composite?
False
Suppose v - 6*v + 5*a + 2945 = 0, -2335 = -4*v - 3*a. Is v prime?
False
Suppose 15*a = 10*a. Let y(t) = t**2 + t + 194. Is y(a) composite?
True
Suppose 924 = -g - g. Let s = 761 + g. Is s prime?
False
Let c be (-1 - (-2)/4)*(-3424)/8. Suppose 0*b - 4*b = -16. Suppose -4*f = -s - c, s = 3*s + b. Is f a prime number?
True
Suppose -3*q = 9 + 9. Let s = 32 + q. Is s composite?
True
Let r be (2 - -10)*(-27)/6. Let h = -28 - r. Suppose 2*s = -0*s + h. Is s prime?
True
Suppose 3*l - 1389 = 54. Is l prime?
False
Let z(p) = 539*p**2 - 4*p - 2. Is z(-1) prime?
True
Let c(w) = w**3 - 4*w**2 + 4*w - 7. Let b be c(5). Suppose b = 4*u - 6. Is u a prime number?
True
Suppose -5*u - 5*m = 40, 2*u - 5*m + 20 = -17. Let l = u - -18. Suppose -v = -3 - l. Is v a prime number?
False
Let z be 9/(-12) + (-9)/4. Is (z + 1)/(6/(-141)) composite?
False
Let x(t) = t**2 - t - 2. Let n be x(2). Suppose -1262 = -2*w - n*w. Is w prime?
True